{"id":261,"date":"2012-12-08T21:14:49","date_gmt":"2012-12-08T20:14:49","guid":{"rendered":"http:\/\/localhost:81\/wordpress\/?page_id=5"},"modified":"2026-01-21T20:09:59","modified_gmt":"2026-01-21T19:09:59","slug":"wir-uber-uns","status":"publish","type":"page","link":"https:\/\/foerderverein-brietlingen.de\/","title":{"rendered":"Herzlich willkommen"},"content":{"rendered":"<p><strong>auf der Seite des F\u00f6rdervereins Kindergarten und Grundschule Brietlingen e.V.<\/strong><\/p>\r\n<p><a href=\"https:\/\/foerderverein-brietlingen.de\/wp-content\/uploads\/2013\/01\/cropped-Logo_F\u00d6V.png\"><img loading=\"lazy\" decoding=\"async\" class=\"size-thumbnail wp-image-633 aligncenter\" src=\"https:\/\/foerderverein-brietlingen.de\/wp-content\/uploads\/2013\/01\/cropped-Logo_F\u00d6V-150x150.png\" alt=\"\" width=\"150\" height=\"150\" srcset=\"https:\/\/foerderverein-brietlingen.de\/wp-content\/uploads\/2013\/01\/cropped-Logo_F\u00d6V-150x150.png 150w, https:\/\/foerderverein-brietlingen.de\/wp-content\/uploads\/2013\/01\/cropped-Logo_F\u00d6V-300x300.png 300w, https:\/\/foerderverein-brietlingen.de\/wp-content\/uploads\/2013\/01\/cropped-Logo_F\u00d6V-270x270.png 270w, https:\/\/foerderverein-brietlingen.de\/wp-content\/uploads\/2013\/01\/cropped-Logo_F\u00d6V-192x192.png 192w, https:\/\/foerderverein-brietlingen.de\/wp-content\/uploads\/2013\/01\/cropped-Logo_F\u00d6V-180x180.png 180w, https:\/\/foerderverein-brietlingen.de\/wp-content\/uploads\/2013\/01\/cropped-Logo_F\u00d6V-32x32.png 32w, https:\/\/foerderverein-brietlingen.de\/wp-content\/uploads\/2013\/01\/cropped-Logo_F\u00d6V.png 512w\" sizes=\"auto, (max-width: 150px) 100vw, 150px\" \/><\/a><\/p>\r\n<p style=\"text-align: justify;\">Der Verein dient der F\u00f6rderung der Erziehung und will in diesem Zusammenhang ausschlie\u00dflich und unmittelbar die Kinder des Kindergartens und der Grundschule in allen erzieherischen und p\u00e4dagogischen Angelegenheiten unterst\u00fctzen.<br \/>Er will insbesondere durch Zusammenschlu\u00df von Eltern, Lehrerinnen \/ Lehrer, Erzieherinnen \/ Erziehern, Sch\u00fclerinnen \/ Sch\u00fcler und Freunden dieser Einrichtungen die vielf\u00e4ltigen unterrichtlichen Belange sowie den Zusammenhalt au\u00dferhalb dieser Einrichtungen f\u00f6rdern und erm\u00f6glichen.<br \/>Dies geschieht vor allem durch das Bereitstellen von Mitteln f\u00fcr den Aufbau von Materialsammlungen, neuen Medien, kulturellen Veranstaltungen sowie zur Unterst\u00fctzung bed\u00fcrftiger Kinder und L\u00e4ngerbetreuung in Kinderg\u00e4rten und Schule.<\/p>\r\n<p style=\"padding-left: 40px;\"><strong><a href=\"https:\/\/foerderverein-brietlingen.de\/wp-content\/uploads\/2013\/01\/flyer-foerderverein.pdf\" target=\"_blank\" rel=\"noopener noreferrer\">Flyer des F\u00f6rdervereins (pdf)<\/a><\/strong><\/p>\r\n<p style=\"padding-left: 40px;\"><strong><a href=\"https:\/\/foerderverein-brietlingen.de\/wp-content\/uploads\/2024\/06\/Satzung_Foerderverein_Brietlingen_2023.pdf\" target=\"_blank\" rel=\"noopener noreferrer\">Vereinssatzung (pdf)<\/a><\/strong><\/p>\r\n<p style=\"padding-left: 40px;\"><strong><a href=\"https:\/\/foerderverein-brietlingen.de\/wp-content\/uploads\/2021\/09\/FOeV-Beitrittserklaerung-gem-SEPA.pdf\">Beitrittserkl\u00e4rung (pdf)<\/a><\/strong><\/p>\r\n<p style=\"padding-left: 40px;\"><strong><a href=\"https:\/\/foerderverein-brietlingen.de\/wp-content\/uploads\/2021\/09\/Foerderantrag_V1.4.pdf\" target=\"_blank\" rel=\"noopener noreferrer\">F\u00f6rderantrag (pdf)<\/a><\/strong><\/p>\r\n<p>&nbsp;<\/p>\r\n<p>&nbsp;<\/p>\r\n<p>&nbsp;<\/p>\r\n<p>&nbsp;<\/p>\r\n<p style=\"padding-left: 40px; text-align: center;\"><a href=\"info@foerderverein-brietlingen.de\">info@foerderverein-brietlingen.de<\/a><\/p>\r\n\r\n\r\n","protected":false},"excerpt":{"rendered":"<p>auf der Seite des F\u00f6rdervereins Kindergarten und Grundschule Brietlingen e.V. Der Verein dient der F\u00f6rderung der Erziehung und will in diesem Zusammenhang ausschlie\u00dflich und unmittelbar die Kinder des Kindergartens und der Grundschule in allen erzieherischen und p\u00e4dagogischen Angelegenheiten unterst\u00fctzen.Er will &hellip; <a href=\"https:\/\/foerderverein-brietlingen.de\/\">Weiterlesen <span class=\"meta-nav\">&rarr;<\/span><\/a><\/p>\n","protected":false},"author":1,"featured_media":285,"parent":0,"menu_order":1,"comment_status":"closed","ping_status":"closed","template":"sidebar-page.php","meta":{"footnotes":""},"class_list":["post-261","page","type-page","status-publish","has-post-thumbnail","hentry"],"yoast_head":"<!-- This site is optimized with the Yoast SEO plugin v27.5 - https:\/\/yoast.com\/product\/yoast-seo-wordpress\/ -->\n<title>F\u00f6rderverein Kindergarten und Grundschule Brietlingen e.V.<\/title>\n<meta name=\"description\" content=\"Verein zur F\u00f6rderung der Erziehung und Unterst\u00fctzung der Kinder des Kindergartens und der Grundschule Brietlingen.\" \/>\n<meta name=\"robots\" content=\"index, follow, max-snippet:-1, max-image-preview:large, max-video-preview:-1\" \/>\n<link rel=\"canonical\" href=\"https:\/\/foerderverein-brietlingen.de\/\" \/>\n<meta property=\"og:locale\" content=\"de_DE\" \/>\n<meta property=\"og:type\" content=\"article\" \/>\n<meta property=\"og:title\" content=\"F\u00f6rderverein Kindergarten und Grundschule Brietlingen e.V.\" \/>\n<meta property=\"og:description\" content=\"Verein zur F\u00f6rderung der Erziehung und Unterst\u00fctzung der Kinder des Kindergartens und der Grundschule Brietlingen.\" \/>\n<meta property=\"og:url\" content=\"https:\/\/foerderverein-brietlingen.de\/\" \/>\n<meta property=\"og:site_name\" content=\"F\u00f6rderverein Kindergarten und Grundschule Brietlingen e.V.\" \/>\n<meta property=\"article:modified_time\" content=\"2026-01-21T19:09:59+00:00\" \/>\n<meta name=\"twitter:card\" content=\"summary_large_image\" \/>\n<meta name=\"twitter:label1\" content=\"Gesch\u00e4tzte Lesezeit\" \/>\n\t<meta name=\"twitter:data1\" content=\"1\u00a0Minute\" \/>\n<script type=\"application\/ld+json\" class=\"yoast-schema-graph\">{\"@context\":\"https:\\\/\\\/schema.org\",\"@graph\":[{\"@type\":\"WebPage\",\"@id\":\"https:\\\/\\\/foerderverein-brietlingen.de\\\/\",\"url\":\"https:\\\/\\\/foerderverein-brietlingen.de\\\/\",\"name\":\"F\u00f6rderverein Kindergarten und Grundschule Brietlingen e.V.\",\"isPartOf\":{\"@id\":\"https:\\\/\\\/foerderverein-brietlingen.de\\\/#website\"},\"primaryImageOfPage\":{\"@id\":\"https:\\\/\\\/foerderverein-brietlingen.de\\\/#primaryimage\"},\"image\":{\"@id\":\"https:\\\/\\\/foerderverein-brietlingen.de\\\/#primaryimage\"},\"thumbnailUrl\":\"\",\"datePublished\":\"2012-12-08T20:14:49+00:00\",\"dateModified\":\"2026-01-21T19:09:59+00:00\",\"description\":\"Verein zur F\u00f6rderung der Erziehung und Unterst\u00fctzung der Kinder des Kindergartens und der Grundschule Brietlingen.\",\"breadcrumb\":{\"@id\":\"https:\\\/\\\/foerderverein-brietlingen.de\\\/#breadcrumb\"},\"inLanguage\":\"de\",\"potentialAction\":[{\"@type\":\"ReadAction\",\"target\":[\"https:\\\/\\\/foerderverein-brietlingen.de\\\/\"]}]},{\"@type\":\"ImageObject\",\"inLanguage\":\"de\",\"@id\":\"https:\\\/\\\/foerderverein-brietlingen.de\\\/#primaryimage\",\"url\":\"\",\"contentUrl\":\"\"},{\"@type\":\"BreadcrumbList\",\"@id\":\"https:\\\/\\\/foerderverein-brietlingen.de\\\/#breadcrumb\",\"itemListElement\":[{\"@type\":\"ListItem\",\"position\":1,\"name\":\"Startseite\",\"item\":\"https:\\\/\\\/foerderverein-brietlingen.de\\\/\"},{\"@type\":\"ListItem\",\"position\":2,\"name\":\"Herzlich willkommen\"}]},{\"@type\":\"WebSite\",\"@id\":\"https:\\\/\\\/foerderverein-brietlingen.de\\\/#website\",\"url\":\"https:\\\/\\\/foerderverein-brietlingen.de\\\/\",\"name\":\"F\u00f6rderverein Kindergarten und Grundschule Brietlingen e.V.\",\"description\":\"\",\"publisher\":{\"@id\":\"https:\\\/\\\/foerderverein-brietlingen.de\\\/#organization\"},\"potentialAction\":[{\"@type\":\"SearchAction\",\"target\":{\"@type\":\"EntryPoint\",\"urlTemplate\":\"https:\\\/\\\/foerderverein-brietlingen.de\\\/?s={search_term_string}\"},\"query-input\":{\"@type\":\"PropertyValueSpecification\",\"valueRequired\":true,\"valueName\":\"search_term_string\"}}],\"inLanguage\":\"de\"},{\"@type\":\"Organization\",\"@id\":\"https:\\\/\\\/foerderverein-brietlingen.de\\\/#organization\",\"name\":\"F\u00f6rderverein Kindergarten und Grundschule Brietlingen e.V.\",\"url\":\"https:\\\/\\\/foerderverein-brietlingen.de\\\/\",\"logo\":{\"@type\":\"ImageObject\",\"inLanguage\":\"de\",\"@id\":\"https:\\\/\\\/foerderverein-brietlingen.de\\\/#\\\/schema\\\/logo\\\/image\\\/\",\"url\":\"https:\\\/\\\/foerderverein-brietlingen.de\\\/wp-content\\\/uploads\\\/2013\\\/01\\\/Logo_F\u00d6V.png\",\"contentUrl\":\"https:\\\/\\\/foerderverein-brietlingen.de\\\/wp-content\\\/uploads\\\/2013\\\/01\\\/Logo_F\u00d6V.png\",\"width\":224,\"height\":175,\"caption\":\"F\u00f6rderverein Kindergarten und Grundschule Brietlingen e.V.\"},\"image\":{\"@id\":\"https:\\\/\\\/foerderverein-brietlingen.de\\\/#\\\/schema\\\/logo\\\/image\\\/\"}}]}<\/script>\n<!-- \/ Yoast SEO plugin. -->","yoast_head_json":{"title":"F\u00f6rderverein Kindergarten und Grundschule Brietlingen e.V.","description":"Verein zur F\u00f6rderung der Erziehung und Unterst\u00fctzung der Kinder des Kindergartens und der Grundschule Brietlingen.","robots":{"index":"index","follow":"follow","max-snippet":"max-snippet:-1","max-image-preview":"max-image-preview:large","max-video-preview":"max-video-preview:-1"},"canonical":"https:\/\/foerderverein-brietlingen.de\/","og_locale":"de_DE","og_type":"article","og_title":"F\u00f6rderverein Kindergarten und Grundschule Brietlingen e.V.","og_description":"Verein zur F\u00f6rderung der Erziehung und Unterst\u00fctzung der Kinder des Kindergartens und der Grundschule Brietlingen.","og_url":"https:\/\/foerderverein-brietlingen.de\/","og_site_name":"F\u00f6rderverein Kindergarten und Grundschule Brietlingen e.V.","article_modified_time":"2026-01-21T19:09:59+00:00","twitter_card":"summary_large_image","twitter_misc":{"Gesch\u00e4tzte Lesezeit":"1\u00a0Minute"},"schema":{"@context":"https:\/\/schema.org","@graph":[{"@type":"WebPage","@id":"https:\/\/foerderverein-brietlingen.de\/","url":"https:\/\/foerderverein-brietlingen.de\/","name":"F\u00f6rderverein Kindergarten und Grundschule Brietlingen e.V.","isPartOf":{"@id":"https:\/\/foerderverein-brietlingen.de\/#website"},"primaryImageOfPage":{"@id":"https:\/\/foerderverein-brietlingen.de\/#primaryimage"},"image":{"@id":"https:\/\/foerderverein-brietlingen.de\/#primaryimage"},"thumbnailUrl":"","datePublished":"2012-12-08T20:14:49+00:00","dateModified":"2026-01-21T19:09:59+00:00","description":"Verein zur F\u00f6rderung der Erziehung und Unterst\u00fctzung der Kinder des Kindergartens und der Grundschule Brietlingen.","breadcrumb":{"@id":"https:\/\/foerderverein-brietlingen.de\/#breadcrumb"},"inLanguage":"de","potentialAction":[{"@type":"ReadAction","target":["https:\/\/foerderverein-brietlingen.de\/"]}]},{"@type":"ImageObject","inLanguage":"de","@id":"https:\/\/foerderverein-brietlingen.de\/#primaryimage","url":"","contentUrl":""},{"@type":"BreadcrumbList","@id":"https:\/\/foerderverein-brietlingen.de\/#breadcrumb","itemListElement":[{"@type":"ListItem","position":1,"name":"Startseite","item":"https:\/\/foerderverein-brietlingen.de\/"},{"@type":"ListItem","position":2,"name":"Herzlich willkommen"}]},{"@type":"WebSite","@id":"https:\/\/foerderverein-brietlingen.de\/#website","url":"https:\/\/foerderverein-brietlingen.de\/","name":"F\u00f6rderverein Kindergarten und Grundschule Brietlingen e.V.","description":"","publisher":{"@id":"https:\/\/foerderverein-brietlingen.de\/#organization"},"potentialAction":[{"@type":"SearchAction","target":{"@type":"EntryPoint","urlTemplate":"https:\/\/foerderverein-brietlingen.de\/?s={search_term_string}"},"query-input":{"@type":"PropertyValueSpecification","valueRequired":true,"valueName":"search_term_string"}}],"inLanguage":"de"},{"@type":"Organization","@id":"https:\/\/foerderverein-brietlingen.de\/#organization","name":"F\u00f6rderverein Kindergarten und Grundschule Brietlingen e.V.","url":"https:\/\/foerderverein-brietlingen.de\/","logo":{"@type":"ImageObject","inLanguage":"de","@id":"https:\/\/foerderverein-brietlingen.de\/#\/schema\/logo\/image\/","url":"https:\/\/foerderverein-brietlingen.de\/wp-content\/uploads\/2013\/01\/Logo_F\u00d6V.png","contentUrl":"https:\/\/foerderverein-brietlingen.de\/wp-content\/uploads\/2013\/01\/Logo_F\u00d6V.png","width":224,"height":175,"caption":"F\u00f6rderverein Kindergarten und Grundschule Brietlingen e.V."},"image":{"@id":"https:\/\/foerderverein-brietlingen.de\/#\/schema\/logo\/image\/"}}]}},"_links":{"self":[{"href":"https:\/\/foerderverein-brietlingen.de\/index.php?rest_route=\/wp\/v2\/pages\/261","targetHints":{"allow":["GET"]}}],"collection":[{"href":"https:\/\/foerderverein-brietlingen.de\/index.php?rest_route=\/wp\/v2\/pages"}],"about":[{"href":"https:\/\/foerderverein-brietlingen.de\/index.php?rest_route=\/wp\/v2\/types\/page"}],"author":[{"embeddable":true,"href":"https:\/\/foerderverein-brietlingen.de\/index.php?rest_route=\/wp\/v2\/users\/1"}],"replies":[{"embeddable":true,"href":"https:\/\/foerderverein-brietlingen.de\/index.php?rest_route=%2Fwp%2Fv2%2Fcomments&post=261"}],"version-history":[{"count":45,"href":"https:\/\/foerderverein-brietlingen.de\/index.php?rest_route=\/wp\/v2\/pages\/261\/revisions"}],"predecessor-version":[{"id":1052,"href":"https:\/\/foerderverein-brietlingen.de\/index.php?rest_route=\/wp\/v2\/pages\/261\/revisions\/1052"}],"wp:featuredmedia":[{"embeddable":true,"href":"https:\/\/foerderverein-brietlingen.de\/index.php?rest_route=\/"}],"wp:attachment":[{"href":"https:\/\/foerderverein-brietlingen.de\/index.php?rest_route=%2Fwp%2Fv2%2Fmedia&parent=261"}],"curies":[{"name":"wp","href":"https:\/\/api.w.org\/{rel}","templated":true}]}}

<p><strong>auf der Seite des Fördervereins Kindergarten und Grundschule Brietlingen e.V.</strong></p>
<p><a href="https://foerderverein-brietlingen.de/wp-content/uploads/2013/01/cropped-Logo_FÖV.png"><img loading="lazy" decoding="async" class="size-thumbnail wp-image-633 aligncenter" src="https://foerderverein-brietlingen.de/wp-content/uploads/2013/01/cropped-Logo_FÖV-150x150.png" alt="" width="150" height="150" srcset="https://foerderverein-brietlingen.de/wp-content/uploads/2013/01/cropped-Logo_FÖV-150x150.png 150w, https://foerderverein-brietlingen.de/wp-content/uploads/2013/01/cropped-Logo_FÖV-300x300.png 300w, https://foerderverein-brietlingen.de/wp-content/uploads/2013/01/cropped-Logo_FÖV-270x270.png 270w, https://foerderverein-brietlingen.de/wp-content/uploads/2013/01/cropped-Logo_FÖV-192x192.png 192w, https://foerderverein-brietlingen.de/wp-content/uploads/2013/01/cropped-Logo_FÖV-180x180.png 180w, https://foerderverein-brietlingen.de/wp-content/uploads/2013/01/cropped-Logo_FÖV-32x32.png 32w, https://foerderverein-brietlingen.de/wp-content/uploads/2013/01/cropped-Logo_FÖV.png 512w" sizes="auto, (max-width: 150px) 100vw, 150px" /></a></p>
<p style="text-align: justify;">Der Verein dient der Förderung der Erziehung und will in diesem Zusammenhang ausschließlich und unmittelbar die Kinder des Kindergartens und der Grundschule in allen erzieherischen und pädagogischen Angelegenheiten unterstützen.<br />Er will insbesondere durch Zusammenschluß von Eltern, Lehrerinnen / Lehrer, Erzieherinnen / Erziehern, Schülerinnen / Schüler und Freunden dieser Einrichtungen die vielfältigen unterrichtlichen Belange sowie den Zusammenhalt außerhalb dieser Einrichtungen fördern und ermöglichen.<br />Dies geschieht vor allem durch das Bereitstellen von Mitteln für den Aufbau von Materialsammlungen, neuen Medien, kulturellen Veranstaltungen sowie zur Unterstützung bedürftiger Kinder und Längerbetreuung in Kindergärten und Schule.</p>
<p style="padding-left: 40px;"><strong><a href="https://foerderverein-brietlingen.de/wp-content/uploads/2013/01/flyer-foerderverein.pdf" target="_blank" rel="noopener noreferrer">Flyer des Fördervereins (pdf)</a></strong></p>
<p style="padding-left: 40px;"><strong><a href="https://foerderverein-brietlingen.de/wp-content/uploads/2024/06/Satzung_Foerderverein_Brietlingen_2023.pdf" target="_blank" rel="noopener noreferrer">Vereinssatzung (pdf)</a></strong></p>
<p style="padding-left: 40px;"><strong><a href="https://foerderverein-brietlingen.de/wp-content/uploads/2021/09/FOeV-Beitrittserklaerung-gem-SEPA.pdf">Beitrittserklärung (pdf)</a></strong></p>
<p style="padding-left: 40px;"><strong><a href="https://foerderverein-brietlingen.de/wp-content/uploads/2021/09/Foerderantrag_V1.4.pdf" target="_blank" rel="noopener noreferrer">Förderantrag (pdf)</a></strong></p>
<p>&nbsp;</p>
<p>&nbsp;</p>
<p>&nbsp;</p>
<p>&nbsp;</p>
<p style="padding-left: 40px; text-align: center;"><a href="info@foerderverein-brietlingen.de">info@foerderverein-brietlingen.de</a></p>

<p>auf der Seite des Fördervereins Kindergarten und Grundschule Brietlingen e.V. Der Verein dient der Förderung der Erziehung und will in diesem Zusammenhang ausschließlich und unmittelbar die Kinder des Kindergartens und der Grundschule in allen erzieherischen und pädagogischen Angelegenheiten unterstützen.Er will &hellip; <a href="https://foerderverein-brietlingen.de/">Weiterlesen <span class="meta-nav">&rarr;</span></a></p>

<!-- This site is optimized with the Yoast SEO plugin v27.5 - https://yoast.com/product/yoast-seo-wordpress/ -->
<title>Förderverein Kindergarten und Grundschule Brietlingen e.V.</title>
<meta name="description" content="Verein zur Förderung der Erziehung und Unterstützung der Kinder des Kindergartens und der Grundschule Brietlingen." />
<meta name="robots" content="index, follow, max-snippet:-1, max-image-preview:large, max-video-preview:-1" />
<link rel="canonical" href="https://foerderverein-brietlingen.de/" />
<meta property="og:locale" content="de_DE" />
<meta property="og:type" content="article" />
<meta property="og:title" content="Förderverein Kindergarten und Grundschule Brietlingen e.V." />
<meta property="og:description" content="Verein zur Förderung der Erziehung und Unterstützung der Kinder des Kindergartens und der Grundschule Brietlingen." />
<meta property="og:url" content="https://foerderverein-brietlingen.de/" />
<meta property="og:site_name" content="Förderverein Kindergarten und Grundschule Brietlingen e.V." />
<meta property="article:modified_time" content="2026-01-21T19:09:59+00:00" />
<meta name="twitter:card" content="summary_large_image" />
<meta name="twitter:label1" content="Geschätzte Lesezeit" />
	<meta name="twitter:data1" content="1 Minute" />
<script type="application/ld+json" class="yoast-schema-graph">{"@context":"https:\/\/schema.org","@graph":[{"@type":"WebPage","@id":"https:\/\/foerderverein-brietlingen.de\/","url":"https:\/\/foerderverein-brietlingen.de\/","name":"Förderverein Kindergarten und Grundschule Brietlingen e.V.","isPartOf":{"@id":"https:\/\/foerderverein-brietlingen.de\/#website"},"primaryImageOfPage":{"@id":"https:\/\/foerderverein-brietlingen.de\/#primaryimage"},"image":{"@id":"https:\/\/foerderverein-brietlingen.de\/#primaryimage"},"thumbnailUrl":"","datePublished":"2012-12-08T20:14:49+00:00","dateModified":"2026-01-21T19:09:59+00:00","description":"Verein zur Förderung der Erziehung und Unterstützung der Kinder des Kindergartens und der Grundschule Brietlingen.","breadcrumb":{"@id":"https:\/\/foerderverein-brietlingen.de\/#breadcrumb"},"inLanguage":"de","potentialAction":[{"@type":"ReadAction","target":["https:\/\/foerderverein-brietlingen.de\/"]}]},{"@type":"ImageObject","inLanguage":"de","@id":"https:\/\/foerderverein-brietlingen.de\/#primaryimage","url":"","contentUrl":""},{"@type":"BreadcrumbList","@id":"https:\/\/foerderverein-brietlingen.de\/#breadcrumb","itemListElement":[{"@type":"ListItem","position":1,"name":"Startseite","item":"https:\/\/foerderverein-brietlingen.de\/"},{"@type":"ListItem","position":2,"name":"Herzlich willkommen"}]},{"@type":"WebSite","@id":"https:\/\/foerderverein-brietlingen.de\/#website","url":"https:\/\/foerderverein-brietlingen.de\/","name":"Förderverein Kindergarten und Grundschule Brietlingen e.V.","description":"","publisher":{"@id":"https:\/\/foerderverein-brietlingen.de\/#organization"},"potentialAction":[{"@type":"SearchAction","target":{"@type":"EntryPoint","urlTemplate":"https:\/\/foerderverein-brietlingen.de\/?s={search_term_string}"},"query-input":{"@type":"PropertyValueSpecification","valueRequired":true,"valueName":"search_term_string"}}],"inLanguage":"de"},{"@type":"Organization","@id":"https:\/\/foerderverein-brietlingen.de\/#organization","name":"Förderverein Kindergarten und Grundschule Brietlingen e.V.","url":"https:\/\/foerderverein-brietlingen.de\/","logo":{"@type":"ImageObject","inLanguage":"de","@id":"https:\/\/foerderverein-brietlingen.de\/#\/schema\/logo\/image\/","url":"https:\/\/foerderverein-brietlingen.de\/wp-content\/uploads\/2013\/01\/Logo_FÖV.png","contentUrl":"https:\/\/foerderverein-brietlingen.de\/wp-content\/uploads\/2013\/01\/Logo_FÖV.png","width":224,"height":175,"caption":"Förderverein Kindergarten und Grundschule Brietlingen e.V."},"image":{"@id":"https:\/\/foerderverein-brietlingen.de\/#\/schema\/logo\/image\/"}}]}</script>
<!-- / Yoast SEO plugin. -->

Förderverein Kindergarten und Grundschule Brietlingen e.V.

Verein zur Förderung der Erziehung und Unterstützung der Kinder des Kindergartens und der Grundschule Brietlingen.

https://foerderverein-brietlingen.de/wp-content/uploads/2013/01/Logo_FÖV.png
